9*i - 1. What is the remainder when s(-7) is divided by 34?
31
Let n(d) = d**2 + d - 2. Let a(v) = -28*v + 217. Calculate the remainder when a(7) is divided by n(-3).
1
What is the remainder when 147 is divided by 82/(-4)*(-8 + -1 - -7)?
24
Suppose -m = 3*o - 144, 62 + 42 = 2*o - 2*m. What is the remainder when 80 is divided by o?
31
Suppose 0 = 2*z - 2481 - 1633. Calculate the remainder when z is divided by 29.
27
What is the remainder when (184 - 5) + 4 - 8 is divided by 19?
4
Let m(p) = p**3 - 12*p**2 + 11*p + 2. Let w be m(11). Suppose -w*g + 3*z + 62 = 0, -g = -0*g - z - 29. Calculate the remainder when g is divided by 13.
12
Suppose -4*i = -6 - 14. What is the remainder when 17*(-9)/(-21) - (-2)/(-7) is divided by i?
2
Calculate the remainder when 1 - (-4 - (6 - 1 - -34)) is divided by 16.
12
Let g = 324 + -165. Suppose -3*q = -q - 64. What is the remainder when g is divided by q?
31
What is the remainder when 337 - (10 + -13 + -2 + 3) is divided by 68?
67
Suppose 504*s - 5*c = 503*s + 16, 2*s - 37 = 5*c. What is the remainder when 40 is divided by s?
19
Let r = -144 + 146. Suppose -2*s + 4*p + 151 = 3*p, s - r*p - 71 = 0. Calculate the remainder when s is divided by 4.
1
What is the remainder when -46*(-1 - (-4)/((-24)/21)) is divided by 7?
4
Let d = -117 - -187. What is the remainder when d is divided by 976/40 + (-4)/10?
22
Let s = -17 - 20. Let r = -1 - s. Suppose 0 = -2*f - 5*m + 114, f - 30 = 2*m + r. Calculate the remainder when f is divided by 16.
14
Let p = 110 - 31. Suppose -5*y = -5*c - 0*y + 25, -5*c + 1 = y. Calculate the remainder when p is divided by (168/2)/4 - c.
19
Let z be 3/((-2)/(-6)*-1). Let s(d) = d**2 + 7*d + 12. Let c be s(z). What is the remainder when ((-13)/(-3))/(2/c) is divided by 33?
32
Suppose 0 = v + 4*f - 18 + 3, 2*v + 4*f - 26 = 0. What is the remainder when 525 is divided by v?
8
Let k(z) = z**3 + 10*z**2 + 8*z - 4. Suppose -4*c - 4 = -8*c. Let f = 20 - c. What is the remainder when k(-6) is divided by f?
16
Let r = -80 - -156. Calculate the remainder when 151 is divided by r.
75
Suppose -r = 3*w - 82, 6*w - 262 = -3*r + 5*w. Let c(v) = v - 30. Let d be c(12). What is the remainder when (r + -1)*(-6)/d is divided by 5?
4
Suppose 59 + 16 = 5*i. Let h(z) = -z**2 - 6*z - 6. Let n be h(-3). Suppose n*d - 2*d = 42. What is the remainder when d is divided by i?
12
Let m(g) = -g + 2. Let p(y) = y**2 - 4*y - 7. Let v be p(8). Suppose -15*w + 10*w = -v. What is the remainder when m(-6) is divided by w?
3
Suppose 26*g - 127*g = -8080. What is the remainder when 468 is divided by g?
68
Suppose 5*z - 2*n - 12 = 0, 0*z = 2*z + 2*n - 16. Suppose -z*w + 126 = 3*w. Calculate the remainder when 51 is divided by w.
15
Calculate the remainder when 181 is divided by 555/24 - (7 + 165/(-24)).
20
Let d(v) = -v**2 - 1244*v + 5007. Let u = -16 + 24. Calculate the remainder when d(4) is divided by u.
7
Suppose 9*w = 25*w - 1392. Calculate the remainder when w is divided by 10.
7
Let u = -118 - -309. Let c = u + -87. Suppose 4*j + 117 = 3*f - c, 209 = 3*f + 2*j. Calculate the remainder when f is divided by 18.
17
Let p(k) = -k**3 - 3. Suppose 4*c - 5*n + 209 = 309, 3*c - 4*n = 75. What is the remainder when p(-5) is divided by c?
22
Suppose -8*t = -6 - 26. Suppose 11 + 9 = t*v. What is the remainder when 9 is divided by v?
4
Suppose 2*p - 72 = 3*f + 5*p, 0 = 4*f - 3*p + 124. Let r = 45 + f. Calculate the remainder when r is divided by 5.
2
What is the remainder when (175/20)/(-3 + 13/4) is divided by 23?
12
Let r = 94 - 64. Let v = -18 - -34. Calculate the remainder when r is divided by v.
14
Let i(c) = -287*c - 3. Let a be i(-3). Suppose 8*k = a + 414. Calculate the remainder when k is divided by 18.
15
Let b(a) = a**2 + 20*a - 146. What is the remainder when 28 is divided by b(6)?
8
Let k = 106 - 100. What is the remainder when k is divided by ((-6)/39 + (-51)/(-78))*6?
0
Let g(k) = -k**3 + 17*k**2 - 14*k - 14. Let l be 6/18 - (-94)/6. Calculate the remainder when 26 is divided by g(l).
8
Let g(x) = 3*x**3 + 4*x**2 + x - 2. Let v be g(-2). Let i(u) = -u**3 - 12*u**2 - 9. Let h be i(v). What is the remainder when -4 + (-9)/(h/58) is divided by 14?
12
Suppose -8*v + 4*v = 0. Let c(k) = k**3 - 2*k + 81. What is the remainder when c(v) is divided by 17?
13
Let g = -78 + 86. Suppose 6*b - 5*q = g*b - 81, -3*q - 9 = 0. What is the remainder when b is divided by 18?
12
Suppose -479 = -2*l + 199. What is the remainder when l is divided by 92?
63
Let a(t) = 7*t**2 - 3*t - 2. Let i be a(-1). What is the remainder when 2 is divided by 12/i - 2/4?
0
Let s(l) = -l**3 - 5*l**2 + 3*l - 9. Let o be s(-6). Suppose 7*k + o = 394. What is the remainder when k is divided by 14?
13
Let k = -18199 - -18240. Suppose 10 = -3*n + 52. Calculate the remainder when k is divided by n.
13
Let r(m) = -m**3 + 8*m**2 - 13*m + 3. Let i be r(6). What is the remainder when 47 is divided by (20/4 + i)/((-4)/(-34))?
13
Suppose 0 = 4*a + 8 - 84. Let d(z) = 2*z - 94 + 8*z**2 - z**3 + 3*z**2 + 77. What is the remainder when a is divided by d(11)?
4
Let m(i) = -i + 3. Let t be m(0). Suppose 0 = -0*h + t*h - 81. What is the remainder when h is divided by (-2)/(-6) + 88/6?
12
Suppose 2*u + 1 - 3 = y, 5*u = -5*y + 5. Let v be (-2 + 1)*y + 3. Calculate the remainder when 27 is divided by v + 5 + -2 + 1.
6
Let x(u) = -2*u**3 - 8*u**2 + 6*u - 24. Calculate the remainder when x(-10) is divided by 13.
11
Let l(s) = -3*s + 88. What is the remainder when 49 is divided by l(26)?
9
Suppose 2*d + 5 = 47. Suppose -44 - 28 = 12*i. Calculate the remainder when (-1190)/(-30) - (-4)/i is divided by d.
18
Calculate the remainder when 61 is divided by -18*((-14)/4)/7.
7
Suppose -92*t - 836 = -96*t. Suppose 12*c - t = c. Calculate the remainder when 54 is divided by c.
16
Let m = 12 - 6. Suppose -46 + 48 = k - v, 3*k = -5*v + 6. Calculate the remainder when m is divided by k.
0
Let m = 600 - 503. Calculate the remainder when m is divided by 14.
13
Let o = 16 + -2. Suppose -3 = -11*t + 10*t. Let l = 1 + t. Calculate the remainder when o is divided by l.
2
Let b = -5 - -26. Suppose -4*a + 4*k = -17 - 15, -4*a = 5*k - 59. Calculate the remainder when b is divided by a.
10
Let p = -325 + 339. What is the remainder when 55 is divided by p?
13
Suppose -2*c + 3*c - 143 = 3*k, 3*c - 477 = -3*k. Suppose -u + 2 = 0, -4*z + 5*z - u = 37. What is the remainder when c is divided by z?
38
Let y = -64 - -98. Calculate the remainder when y is divided by 12.
10
Let i(k) = 5*k + 199. What is the remainder when 12 is divided by i(-39)?
0
Suppose 5*u - 4*p - 112 = 0, -3*u + 31 = -u + 3*p. Calculate the remainder when (-165827)/(-695) + (-2)/(-5) + -1 is divided by u.
18
Suppose j - 4*p - 118 = 15, 4*j = 3*p + 506. Calculate the remainder when j is divided by 3.
2
Let n = 202 + -160. What is the remainder when 248 is divided by n?
38
Let i be (3 + (-24)/10)*-5. Calculate the remainder when 11*(9 + -3) - 1 is divided by (i + 2 - 0) + 23.
21
Calculate the remainder when 0 + 1/9 - (-2314)/234 is divided by 6.
4
Let u(g) = 3*g - 2. Let b(r) = 3*r - 3. Let y be b(1). Suppose y = 34*q - 39*q + 190. Calculate the remainder when q is divided by u(4).
8
Let h = 2220 + -2199. What is the remainder when (-2)/7 - 282/(-7) is divided by h?
19
Suppose -55 + 39 = -8*w. Suppose 0 = 6*t - w*t + 4, -5*p + 242 = -2*t. Calculate the remainder when p is divided by (-11 + 2/(-1))/(-1).
9
Let q = -250 - -259. Suppose 280 = 3*b - 8*b. Let u = b - -99. Calculate the remainder when u is divided by q.
7
Let h(d) be the second derivative of -26*d**3/3 - d**2/2 + 184*d + 2. Let l(i) = 2*i + 1. Let g be l(-1). Calculate the remainder when h(g) is divided by 27.
24
Let s = 113 - 69. What is the remainder when 159 is divided by s?
27
Let n(d) = d**3 - 2*d**2 + 13*d - 12. Calculate the remainder when 304 is divided by n(3).
16
Let n be 2/8*2*-2. Let b be (1*n)/((-3)/(-45)). Let j = 26 + b. What is the remainder when 31 is divided by j?
9
Let b = -43 + 47. Suppose -b*p - 464 = -4*u, -4*p + 5*p - 116 = -u. What is the remainder when u is divided by 13?
12
Suppose p - 75 = -4*a, 24*a - 27*a + 4*p + 42 = 0. What is the remainder when a is divided by 14?
4
Suppose 0 = p - 4 + 13. Let g(f) = -f**3 - 9*f**2 - 6*f + 20. What is the remainder w